lse
Is 328753 prime?
True
Is 261839 a composite number?
True
Is 68581 a composite number?
False
Is 5147 composite?
False
Is 2402 prime?
False
Is 10267 a prime number?
True
Is 719 a composite number?
False
Is 1130237 composite?
False
Is 10637 a prime number?
False
Is 282533 prime?
False
Is 31677 a composite number?
True
Is 44867 a composite number?
False
Is 13499 a prime number?
True
Is 290269 a composite number?
True
Is 16495 prime?
False
Is 21363 composite?
True
Is 1837 a composite number?
True
Is 539151 composite?
True
Is 217643 composite?
False
Is 12622 prime?
False
Is 281339 prime?
True
Is 38195 composite?
True
Is 6619 composite?
False
Is 12929 composite?
True
Is 261419 prime?
False
Is 301211 a composite number?
False
Is 4561 a prime number?
True
Is 130297 prime?
False
Is 58451 prime?
True
Is 1264517 a composite number?
True
Is 28387 a prime number?
True
Is 1482979 prime?
False
Is 133531 composite?
True
Is 491687 composite?
True
Is 141 a prime number?
False
Is 31643 a prime number?
True
Is 26797 prime?
False
Is 754703 composite?
False
Is 161087 composite?
False
Is 70841 a composite number?
False
Is 451419 a composite number?
True
Is 23417 a composite number?
False
Is 1002867 a composite number?
True
Is 1471 prime?
True
Is 5077 prime?
True
Is 289879 a prime number?
False
Is 8539 a prime number?
True
Is 60949 a composite number?
True
Is 142837 a prime number?
True
Is 3389 composite?
False
Is 65537 a composite number?
False
Is 345379 a composite number?
False
Is 43867 composite?
False
Is 25939 a prime number?
True
Is 111261 prime?
False
Is 6619 composite?
False
Is 469 a prime number?
False
Is 13591 prime?
True
Is 13859 composite?
False
Is 27343 a prime number?
False
Is 3761 a composite number?
False
Is 681 a composite number?
True
Is 21089 a composite number?
False
Is 8383 a prime number?
False
Is 11027 a composite number?
False
Is 18367 prime?
True
Is 181039 composite?
False
Is 84442 a composite number?
True
Is 1349231 composite?
True
Is 11507 composite?
True
Is 87221 composite?
False
Is 66257 composite?
True
Is 15097 a composite number?
True
Is 92029 composite?
True
Is 4591 a composite number?
False
Is 302009 prime?
True
Is 26971 a prime number?
False
Is 2735 a composite number?
True
Is 4421 a composite number?
False
Is 737717 prime?
True
Is 296363 a composite number?
False
Is 1027861 a prime number?
False
Is 32441 prime?
True
Is 1739 composite?
True
Is 6805 a prime number?
False
Is 44803 a composite number?
True
Is 145 a prime number?
False
Is 199103 a composite number?
False
Is 47111 a composite number?
False
Is 211277 prime?
False
Is 112687 a prime number?
True
Is 208139 a prime number?
True
Is 112503 a prime number?
False
Is 8139 a composite number?
True
Is 120307 prime?
False
Is 526927 prime?
False
Is 25111 a composite number?
False
Is 68351 composite?
False
Is 489 a composite number?
True
Is 44417 prime?
True
Is 19219 a prime number?
True
Is 37951 prime?
True
Is 4143 a prime number?
False
Is 999919 a composite number?
True
Is 20571 composite?
True
Is 1016203 a composite number?
False
Is 679 a composite number?
True
Is 6563 a composite number?
False
Is 61927 a composite number?
False
Is 39929 a prime number?
True
Is 18511 composite?
True
Is 284021 a composite number?
True
Is 118097 composite?
True
Is 35357 a composite number?
True
Is 30209 composite?
True
Is 12839 composite?
True
Is 194 a prime number?
False
Is 420083 prime?
False
Is 74071 a prime number?
True
Is 485 composite?
True
Is 44861 a prime number?
False
Is 35099 a prime number?
True
Is 18973 prime?
True
Is 25703 a prime number?
True
Is 31883 prime?
True
Is 82349 a prime number?
True
Is 9527 composite?
True
Is 13033 a composite number?
False
Is 63241 a composite number?
False
Is 3230791 composite?
False
Is 121517 prime?
False
Is 1139561 a composite number?
True
Is 27191 a composite number?
False
Is 4987 a prime number?
True
Is 7131 prime?
False
Is 180737 composite?
True
Is 27923 composite?
True
Is 10709 a composite number?
False
Is 155065 prime?
False
Is 5669 composite?
False
Is 163499 a composite number?
True
Is 1420129 a composite number?
True
Is 77429 prime?
False
Is 19105 composite?
True
Is 911453 a composite number?
False
Is 172001 a composite number?
False
Is 331 a composite number?
False
Is 227949 a prime number?
False
Is 305 a composite number?
True
Is 40913 a composite number?
True
Is 428411 prime?
True
Is 1428359 composite?
False
Is 377807 prime?
False
Is 254963 prime?
True
Is 202567 a prime number?
True
Is 5017 a prime number?
False
Is 322789 a composite number?
True
Is 36429 a prime number?
False
Is 18893 a prime number?
False
Is 451 composite?
True
Is 4177 prime?
True
Is 1678 a prime number?
False
Is 146591 composite?
True
Is 1063459 a prime number?
False
Is 109357 a composite number?
False
Is 1361 prime?
True
Is 10489 a prime number?
False
Is 21631 composite?
True
Is 399099 composite?
True
Is 10643 a composite number?
True
Is 2557 prime?
True
Is 1293791 a composite number?
False
Is 683 composite?
False
Is 53657 a prime number?
True
Is 4339 a prime number?
True
Is 54647 prime?
True
Is 1649 a prime number?
False
Is 20365 composite?
True
Is 33343 a composite number?
False
Is 312043 a composite number?
False
Is 1103147 composite?
True
Is 234713 a composite number?
False
Is 8641 a prime number?
True
Is 367 a composite number?
False
Is 7447 composite?
True
Is 4453 a prime number?
False
Is 22111 composite?
False
Is 27343 composite?
True
Is 1749641 a prime number?
True
Is 65629 a prime number?
True
Is 295993 a composite number?
False
Is 121919 a prime number?
False
Is 355 prime?
False
Is 35671 prime?
True
Is 1209163 prime?
True
Is 589049 composite?
False
Is 86939 a prime number?
True
Is 155569 a prime number?
True
Is 20053 composite?
True
Is 10522 composite?
True
Is 49183 prime?
False
Is 5983 a composite number?
True
Is 6639 a prime number?
False
Is 4632973 a prime number?
True
Is 56263 a prime number?
True
Is 486919 prime?
False
Is 174221 composite?
False
Is 312271 a prime number?
False
Is 82703 a composite number?
True
Is 18977 prime?
False
Is 955509 a composite number?
True
Is 7253 a prime number?
True
Is 1278463 a prime number?
True
Is 740461 a composite number?
False
Is 33119 composite?
False
Is 2719 prime?
True
Is 252919 a prime number?
True
Is 84718 a composite number?
True
Is 323507 a prime number?
True
Is 50359 a prime number?
True
Is 3063 composite?
True
Is 12853 prime?
True
Is 257 composite?
False
Is 364261 composite?
True
Is 28349 composite?
False
Is 17113 prime?
False
Is 43037 a prime number?
True
Is 138499 prime?
False
Is 125183 prime?
True
Is 2779 prime?
False
Is 677 a prime number?
True
Is 18481 prime?
True
Is 8053 prime?
True
Is 9467 a prime number?
True
Is 913 a prime number?
False
Is 18607 a prime number?
False
Is 4981 composite?
True
Is 943903 a composite number?
False
Is 136805 a composite number?
True
Is 78673 composite?
True
Is 1055 composite?
True
Is 96553 prime?
True
Is 137117 a composite number?
False
Is 829721 prime?
True
Is 16351 a composite number?
True
Is 12149 prime?
True
Is 453745 prime?
False
Is 653897 prime?
False
Is 196491 a composite number?
True
Is 16033 prime?
True
Is 695567 prime?
True
Is 67259 a composite number?
True
Is 130259 a composite number?
False
Is 211405 prime?
False
Is 114117 a composite number?
True
Is 302837 a prime number?
True
Is 1886942 a prime number?
False
Is 118117 a prime number?
False
Is 219893 a prime number?
False
Is 14969 a prime number?
True
Is 37234 composite?
True
Is 878417 composite?
True
Is 18971 composite?
True
Is 54685 prime?
False
Is 143357 composite?
False
Is 103913 prime?
True
Is 1583 composite?
False
Is 1527 a composite number?
True
Is 181627 prime?
False
Is 5113 a composite number?
False
Is 1426769 a composite number?
True
Is 14699 prime?
True
Is 10157 a prime number?
False
Is 146599 prime?
False
Is 393 a composite number?
True
Is 56843 composite?
False
Is 340121 prime?
True
Is 4558793 a prime number?
True
Is 111187 composite?
False
Is 816521 prime?
True
Is 171203 prime?
True
Is 34037 a composite number?
True
Is 20431 prime?
True
Is 59333 a prime number?
True
Is 905729 a prime number?
False
Is 2063 prime?
True
Is 3581 composite?
False
Is 1123 prime?
True
Is 8941 prime?
True
Is 3491 a composit